-2)/(-4)).
181
Let s = 6 - 9. Let f = 0 - s. Suppose -f*u - 14 = -4*z, 3*z = 11 + 4. What are the prime factors of u?
2
Let c = 10 - 8. What are the prime factors of c?
2
Let c(m) be the third derivative of -5*m**4/12 + 2*m**2. Let y be c(-1). Suppose w + i - 3 = 0, -4*w + 0*w = 5*i - y. What are the prime factors of w?
5
List the prime factors of (-184)/(-6)*(-15 + 18).
2, 23
Suppose 6*f - f + 10 = 0. Let p be f/(-4) - 9/(-6). Suppose 1 = r, s + p*r - 15 = -r. List the prime factors of s.
2, 3
Suppose -7*p = -2*p - 10. Let i(f) = 4*f**2. Let r be i(p). Let w = r + -7. List the prime factors of w.
3
Let u(c) be the second derivative of c**3/6 + c**2 + 2*c. Suppose 0 = -5*b - 5 + 20. What are the prime factors of u(b)?
5
Let y = -3 - -3. Suppose -3*n = 3*i - 69, -3*i - 51 = -2*n - y. List the prime factors of n.
2, 3
Suppose 15 = -3*f, -2 = -3*y + 3*f + 496. What are the prime factors of y?
7, 23
Let h = 15 - -50. List the prime factors of h.
5, 13
Let j(s) = 3*s. Let y be j(7). Suppose -3*g = -21 - y. What are the prime factors of g?
2, 7
Suppose -106 = -a - 3*m, 0 = -3*a - 2*m + 5*m + 354. What are the prime factors of a?
5, 23
Let s be (-2)/(-3) + 148/3. Suppose -3*x = -x - s. Suppose 3*j - x + 1 = 0. List the prime factors of j.
2
Suppose -2*c = q - 38, c - 25 + 6 = -2*q. What are the prime factors of c?
19
Suppose -4*r + 208 = 2*t - 178, -t + 200 = -5*r. What are the prime factors of t?
3, 5, 13
Suppose c - 2 + 11 = 0. Let q = 20 - c. List the prime factors of q.
29
Suppose -f - 4*i + 7 + 1 = 0, 3*i = -f + 6. Let u be 2 + -5 + 2 + f. List the prime factors of -5*((-2)/(-5))/u.
2
Suppose l + 3*i + 14 = 5*i, 9 = 4*l + 5*i. Let f = -6 - l. What are the prime factors of (-18)/4*f/3?
3
Let u(k) = 26*k + 2. List the prime factors of u(6).
2, 79
Let z = 11 - -54. Suppose 4*c = z + 11. What are the prime factors of c?
19
Let x = 6 + -4. Suppose 5*f - 41 = -4*p, -f - 3*p + x*p = -9. Suppose 5*r + 11 = -2*s + 3, f*s - 4*r - 46 = 0. List the prime factors of s.
2, 3
Let x = -4 + 7. Suppose -4*h - 5 - x = 0, 3*h = -u + 9. List the prime factors of u.
3, 5
Suppose 4*o = -3*a + 2*a + 655, 3*o - 504 = -5*a. List the prime factors of o.
163
Suppose -329 = -2*i + 5*u, -5*u = 2*i - 529 + 210. Suppose 0 = 5*j - 113 - i. Suppose 5*x - j = -5*s, -3 + 4 = s. List the prime factors of x.
2, 5
Let y be 35/(-21)*1*-3. Suppose -2*j + y*j = 72. What are the prime factors of j?
2, 3
Suppose 0 = -4*t + t + 129. What are the prime factors of t?
43
Let y be 1/(1 - (-8)/(-9)). Suppose -3*j - 64 = o, j - 6*j + 5*o = 120. List the prime factors of (j/(-3))/(6/y).
11
What are the prime factors of (-3)/((-184)/60 - -3)?
3, 5
What are the prime factors of (-1436)/(-8)*(6 + -4)?
359
Let v = -1 + 36. List the prime factors of v.
5, 7
What are the prime factors of (207/3)/(9/6)?
2, 23
Let x be 8*1*88/32. Let o = x + 19. List the prime factors of o.
41
Suppose 5*u - 152 = -2*q + 5, 4*q + 3*u - 307 = 0. List the prime factors of q.
2, 19
What are the prime factors of 758*(-7)/(-22) - 14/77?
241
Suppose -w - 100 = 13*r - 14*r, -5 = -w. List the prime factors of r.
3, 5, 7
Suppose -k + 49 = 2*i, -6*k = -2*k - 4. Let x = i + -12. List the prime factors of x.
2, 3
Let l be (6/(-9))/(2/18). Let w = -12 - l. Let s = w + 19. What are the prime factors of s?
13
Let s be 0/2*(-1 + 2). Let y = s + 3. Suppose j - 48 = -y*j. What are the prime factors of j?
2, 3
What are the prime factors of -1*(3 + (1 - 241))?
3, 79
Let r = 0 - -6. List the prime factors of r.
2, 3
Suppose -2*q + 88 = 2*q. List the prime factors of (q/8)/(4/32).
2, 11
Let q = 0 + -7. Let a = 0 - q. List the prime factors of a.
7
Let d(p) = -1 + 0*p + 6*p - p. List the prime factors of d(1).
2
Let d(w) be the first derivative of w**4/4 + 5*w**3/3 + w**2/2 + 3. What are the prime factors of d(-4)?
2, 3
Let m(j) = -j**3 - 9*j**2 + 9*j + 1. Suppose 4*z - 6*z + 26 = -3*l, -z + 28 = -3*l. List the prime factors of m(l).
11
Suppose 0 = 4*y - 9 + 1. Suppose t - 5 = -0, -122 = -4*m + y*t. What are the prime factors of m?
3, 11
Let c(r) = -r + 28. What are the prime factors of c(0)?
2, 7
Let c(r) = 2*r**3 - 6*r**2 + 5*r - 5. List the prime factors of c(4).
47
Suppose 12*y = 14*y. Suppose y = 4*b - 9*b + 35. What are the prime factors of b?
7
Let p(k) = -k**2 - 8*k - 3. Suppose -3*d = -0*d + 21. List the prime factors of p(d).
2
Suppose 0*y + 3*y = d - 17, 4*d = 4*y + 20. List the prime factors of (-6)/(-4) + (-21)/y.
5
Let a(k) = 20*k + 36. List the prime factors of a(14).
2, 79
Suppose -2*n = -2*p + 2, -2 - 1 = -n. List the prime factors of 50/p + 3/2.
2, 7
Suppose -4*f - 3*i + 754 = 0, -3*f - 204 = -3*i - 780. What are the prime factors of f?
2, 5, 19
Let l(v) = -14*v + 13. What are the prime factors of l(-5)?
83
Suppose 4*c = -3*s + 31, -4*c - s - 3*s + 28 = 0. What are the prime factors of c?
2, 5
Suppose 5*y + m = 113, -15 = -m - 4*m. What are the prime factors of y?
2, 11
Suppose 0 = -3*j + 5*j. Let c(i) = i + 19. List the prime factors of c(j).
19
Let m(z) = 2*z + 7. Suppose 0 = -4*t + 3*t + 7. What are the prime factors of m(t)?
3, 7
Let s(z) be the second derivative of -z**5/20 - 7*z**4/12 - 7*z**3/6 - 2*z**2 + z. Let c(r) = r**2 - 6*r + 3. Let u be c(3). List the prime factors of s(u).
2
Let s = -6 + 1. Suppose 3*q - 5*i - 55 = 0, 3*q + 3*i - 25 = -q. Let f = q + s. What are the prime factors of f?
5
Suppose -4*w + 2*j - 28 = 0, 0 = w - 0*j + j + 4. Let h be 20 - (w/2 - -3). Suppose 0 = -2*x + h - 2. What are the prime factors of x?
3
Suppose 7*d = 6*d + 100. List the prime factors of d.
2, 5
Suppose -3*v + 237 = -3*b, 4*v - 14*b = -12*b + 320. List the prime factors of v.
3
Let f be 52/12 - (-1)/(-3). Let c = 2 - -6. Suppose 3*k + f*u = 25, c = 2*u - 0. What are the prime factors of k?
3
Let g = -5 - -7. Suppose -g*h - 6 = h. What are the prime factors of h*(2 - (-6)/(-2))?
2
Suppose -3*g = -0*g - 57. List the prime factors of g.
19
Let x(b) = b**3 - b**2 - b + 13. Let m be (-3 - 0) + (-11 - -14). What are the prime factors of x(m)?
13
Suppose -5*f - 4*f + 666 = 0. What are the prime factors of f?
2, 37
Suppose 3 = -h + 7. Suppose -h = -6*z + 2*z. What are the prime factors of 5/1*z + 1?
2, 3
Suppose -5*f - 9 = 2*x - 37, 3*f - 28 = -4*x. Let v = f - -1. What are the prime factors of v?
5
Let u be 2*3/(-6)*-9. Suppose w - 22 = -3*y, 0 = -y - 2*y + u. List the prime factors of w.
13
Let f(m) = 8*m - 5. What are the prime factors of f(6)?
43
Let v(g) = 8*g - 42. What are the prime factors of v(15)?
2, 3, 13
Let j = 4 + -4. Suppose 4*x = -3*y - 8, 4*y - 2*x - 26 = -j*y. Suppose 4*z + 0*b - 29 = 5*b, 0 = -5*z + y*b + 34. List the prime factors of z.
2, 3
Let i be 11/(2/4*2). Suppose 3*g = -4*m + 3*m, 0 = -5*g + 2*m + i. Let f = 6 + g. What are the prime factors of f?
7
Let y(d) = 16*d**2 + 16*d + 4. List the prime factors of y(4).
2, 3
Let p be 10/(-4)*(-36)/15. Let z(g) = g + 4. List the prime factors of z(p).
2, 5
Let z be (-1 - 0)/((-2)/4). Suppose 54 = -x + z*x. List the prime factors of x.
2, 3
Suppose 2*c + 2*c + 21 = -3*s, -14 = 2*s - 2*c. What are the prime factors of 5*s/(105/(-72))?
2, 3
Suppose -12*c + 979 + 77 = 0. What are the prime factors of c?
2, 11
Suppose -5*c + 6 = -3*r - 13, 0 = -r + 2. Suppose 42 = c*s + 152. Let v = 44 + s. What are the prime factors of v?
2, 11
Suppose 0 = -4*w - 3*p + 18, p = -3*w + 2*p + 7. Suppose w*z + 45 = c + z, 0 = c + 2*z - 25. What are the prime factors of c?
5, 7
Let p = -5 - -7. Let h be 0 + 1*(-2 + p). Suppose 5*c - 24 - 26 = h. What are the prime factors of c?
2, 5
Suppose 21*d - 22*d = -78. Suppose d = -3*x + 5*x + 4*n, 0 = -n + 4. What are the prime factors of x?
31
Let d(r) = r**2 - 6*r - 1. Let h be d(7). Let n(v) = -4*v. Let w be n(-3). Suppose 2*o - h*o + w = 0. What are the prime factors of o?
3
Suppose -2*x = -0*q + 3*q - 1, 3*q - 4*x - 7 = 0. Let c be q/(2*1/2). Let r = 8 - c. List the prime factors of r.
7
Let y(c) be the second derivative of -c**5/20 - c**4/2 - c**3/2 - c**2/2 + c. Let l be y(-6). Let f = l - 11. List the prime factors of f.
2, 3
Suppose 2*o = -3*l + 827, 0 = 3*l - 0*o - 2*o - 823. What are the prime factors of l?
5, 11
Let r be 7/((-21)/(-6)) + 5. Let t(f) = 6 + 8*f**2 + 2 + f**3 + r*f + 2 + 0. What are the prime factors of t(-7)?
2, 5
Let s b